{"version":"1.0","provider_name":"K\u00e1v\u00e9 \u00e9s Csokol\u00e1d\u00e9","provider_url":"https:\/\/kaveescsokolade.cafeblog.hu","author_name":"K\u00e1v\u00e9 \u00e9s Csokol\u00e1d\u00e9","author_url":"https:\/\/kaveescsokolade.cafeblog.hu\/author\/kave_es_csokolade\/","title":"Di\u00f3s puszedli","html":"<p>Vannak s\u00fctem\u00e9nyek melyeket minden \u00e9vben elk\u00e9sz\u00edt\u00fcnk az adventi id\u0151szakban. Ez az egyik k\u00f6z\u00fcl\u00fck. Egy r\u00e9gi csal\u00e1di recept egy nagyon r\u00e9gi k\u00e9zzel \u00edrott szak\u00e1csk\u00f6nyvb\u0151l. Ez\u00fattal az eredeti form\u00e1j\u00e1ban adom meg a receptet, nem v\u00e1ltoztatok rajta semmit.<\/p>\r\n<p>Hozz\u00e1val\u00f3k:<\/p>\r\n<p>- 250 gramm dar\u00e1lt di\u00f3<\/p>\r\n<p>- 250 gramm cukor<\/p>\r\n<p>- 2 eg\u00e9sz toj\u00e1s<\/p>\r\n<p>- 1 p\u00fapos ev\u0151kan\u00e1l liszt<\/p>\r\n<p>- 1 citrom reszelt h\u00e9ja<\/p>\r\n<p>Elk\u00e9sz\u00edt\u00e9s:<\/p>\r\n<p>\u00a0150 fokra el\u0151meleg\u00edtj\u00fck a s\u00fct\u0151t.<\/p>\r\n<p>A cukrot habosra keverj\u00fck a toj\u00e1sokkal, majd hozz\u00e1adjuk a di\u00f3t, v\u00e9g\u00fcl a lisztet \u00e9s a citrom h\u00e9j\u00e1t.<\/p>\r\n<p>Egy kiskan\u00e1llal kisebb halmokat rakunk a tepsibe, majd megs\u00fctj\u00fck a puszedliket. Akkor vannak k\u00e9szen mikor berepedezik a tetej\u00fck \u00e9s kapnak egy kis sz\u00ednt. <\/p>\r\n<p>Melegen nagyon t\u00f6r\u00e9keny, hagyjuk a s\u00fct\u0151pap\u00edron kih\u0171lni.<\/p>\r\n<p>&nbsp;<\/p>\r\n<p>&nbsp;<\/p>\r\n<p>\u00a0<a href=\"https:\/\/kaveescsokolade.cafeblog.hu\/files\/2014\/12\/MG_21079.jpg\"><img class=\"alignnone size-full wp-image-1105\" src=\"https:\/\/kaveescsokolade.cafeblog.hu\/files\/2014\/12\/MG_21079.jpg\" alt=\"_MG_21079\" width=\"580\" height=\"387\" \/><\/a><\/p>\r\n<p>&nbsp;<\/p>\r\n<p>&nbsp;<\/p>","type":"rich","thumbnail_url":"https:\/\/kaveescsokolade.cafeblog.hu\/files\/2014\/12\/MG_21079-150x150.jpg","thumbnail_width":150,"thumbnail_height":150}

Kávé és Csokoládé

Diós puszedli

<p>Vannak sütemények melyeket minden évben elkészítünk az adventi időszakban. Ez az egyik közülük. Egy régi családi recept egy nagyon régi kézzel írott szakácskönyvből. Ezúttal az eredeti formájában adom meg a receptet, nem változtatok rajta semmit.</p>
<p>Hozzávalók:</p>
<p>- 250 gramm darált dió</p>
<p>- 250 gramm cukor</p>
<p>- 2 egész tojás</p>
<p>- 1 púpos evőkanál liszt</p>
<p>- 1 citrom reszelt héja</p>
<p>Elkészítés:</p>
<p> 150 fokra előmelegítjük a sütőt.</p>
<p>A cukrot habosra keverjük a tojásokkal, majd hozzáadjuk a diót, végül a lisztet és a citrom héját.</p>
<p>Egy kiskanállal kisebb halmokat rakunk a tepsibe, majd megsütjük a puszedliket. Akkor vannak készen mikor berepedezik a tetejük és kapnak egy kis színt. </p>
<p>Melegen nagyon törékeny, hagyjuk a sütőpapíron kihűlni.</p>
<p>&nbsp;</p>
<p>&nbsp;</p>
<p> <a href="https://kaveescsokolade.cafeblog.hu/files/2014/12/MG_21079.jpg"><img class="alignnone size-full wp-image-1105" src="https://kaveescsokolade.cafeblog.hu/files/2014/12/MG_21079.jpg" alt="_MG_21079" width="580" height="387" /></a></p>
<p>&nbsp;</p>
<p>&nbsp;</p>
